[INFO] cloning repository https://github.com/trueeth/injective_nft_minting
[INFO] running `Command { std: "git" "-c" "credential.helper=" "-c" "credential.helper=/workspace/cargo-home/bin/git-credential-null" "clone" "--bare" "https://github.com/trueeth/injective_nft_minting" "/workspace/cache/git-repos/https%3A%2F%2Fgithub.com%2Ftrueeth%2Finjective_nft_minting", kill_on_drop: false }`
[INFO] [stderr] Cloning into bare repository '/workspace/cache/git-repos/https%3A%2F%2Fgithub.com%2Ftrueeth%2Finjective_nft_minting'...
[INFO] running `Command { std: "git" "rev-parse" "HEAD", kill_on_drop: false }`
[INFO] [stdout] 57a0f75830a2db5707655ec5a38e16b208421821
[INFO] checking trueeth/injective_nft_minting against 40527f3e444fde1deb361751bdef9b9e11d1b971+rustflags=--cfg crater_hack --force-warn invalid-c-variadic-arguments for pr-162478
[INFO] running `Command { std: "git" "clone" "/workspace/cache/git-repos/https%3A%2F%2Fgithub.com%2Ftrueeth%2Finjective_nft_minting" "/workspace/builds/worker-6-tc2/source", kill_on_drop: false }`
[INFO] [stderr] Cloning into '/workspace/builds/worker-6-tc2/source'...
[INFO] [stderr] done.
[INFO] removed /workspace/builds/worker-6-tc2/source/.cargo/config
[INFO] started tweaking git repo https://github.com/trueeth/injective_nft_minting
[INFO] finished tweaking git repo https://github.com/trueeth/injective_nft_minting
[INFO] tweaked toml for git repo https://github.com/trueeth/injective_nft_minting written to /workspace/builds/worker-6-tc2/source/Cargo.toml
[INFO] validating manifest of git repo https://github.com/trueeth/injective_nft_minting on toolchain 40527f3e444fde1deb361751bdef9b9e11d1b971
[INFO] running `Command { std: CARGO_HOME="/workspace/cargo-home" RUSTUP_HOME="/workspace/rustup-home" "/workspace/cargo-home/bin/cargo" "+40527f3e444fde1deb361751bdef9b9e11d1b971" "metadata" "--manifest-path" "Cargo.toml" "--no-deps", kill_on_drop: false }`
[INFO] crate git repo https://github.com/trueeth/injective_nft_minting already has a lockfile, it will not be regenerated
[INFO] running `Command { std: CARGO_HOME="/workspace/cargo-home" RUSTUP_HOME="/workspace/rustup-home" "/workspace/cargo-home/bin/cargo" "+40527f3e444fde1deb361751bdef9b9e11d1b971" "fetch" "--manifest-path" "Cargo.toml", kill_on_drop: false }`
[INFO] [stderr]     Blocking waiting for file lock on package cache
[INFO] [stderr]     Blocking waiting for file lock on package cache
[INFO] [stderr]  Downloading crates ...
[INFO] [stderr]   Downloaded cw-utils v0.13.4
[INFO] [stderr]   Downloaded cw721 v0.13.4
[INFO] [stderr]   Downloaded cosmwasm-derive v1.1.0
[INFO] [stderr]   Downloaded cosmwasm-crypto v1.1.0
[INFO] [stderr]   Downloaded cosmwasm-std v1.1.0
[INFO] [stderr]   Downloaded sha2 v0.10.5
[INFO] [stderr]   Downloaded ff v0.12.0
[INFO] [stderr]   Downloaded cosmwasm-storage v1.1.0
[INFO] [stderr]   Downloaded signature v1.6.0
[INFO] [stderr]   Downloaded der v0.6.0
[INFO] [stderr]   Downloaded const-oid v0.9.0
[INFO] [stderr]   Downloaded k256 v0.11.4
[INFO] [stderr]   Downloaded cosmwasm-schema v1.1.0
[INFO] [stderr]   Downloaded ecdsa v0.14.5
[INFO] [stderr]   Downloaded rfc6979 v0.3.0
[INFO] [stderr]   Downloaded cosmwasm-schema-derive v1.1.0
[INFO] [stderr]   Downloaded crypto-bigint v0.4.8
[INFO] [stderr]   Downloaded group v0.12.0
[INFO] [stderr]   Downloaded cw-storage-plus v0.13.4
[INFO] running `Command { std: "docker" "create" "-v" "/var/lib/crater-agent-workspace/builds/worker-6-tc2/source:/opt/rustwide/workdir:ro,Z" "-v" "/var/lib/crater-agent-workspace/builds/worker-6-tc2/target:/opt/rustwide/target:rw,Z" "-v" "/var/lib/crater-agent-workspace/cargo-home:/opt/rustwide/cargo-home:ro,Z" "-v" "/var/lib/crater-agent-workspace/rustup-home:/opt/rustwide/rustup-home:ro,Z" "-m" "1610612736" "--network" "none" "ghcr.io/rust-lang/crates-build-env/linux@sha256:8683fc1fc2eb5c9ac98e0d076ab094b2ffac7f99da555d2b6a2e27f346de2ec7" "sleep" "infinity", kill_on_drop: false }`
[INFO] [stdout] b2789fade1eb0b35a4a96911efb5ac51e6e0dada2d0fffdb23c31df0ec7f63b3
[INFO] running `Command { std: "docker" "start" "b2789fade1eb0b35a4a96911efb5ac51e6e0dada2d0fffdb23c31df0ec7f63b3", kill_on_drop: false }`
[INFO] running `Command { std: "docker" "inspect" "b2789fade1eb0b35a4a96911efb5ac51e6e0dada2d0fffdb23c31df0ec7f63b3", kill_on_drop: false }`
[INFO] running `Command { std: "docker" "exec" "-e" "SOURCE_DIR=/opt/rustwide/workdir" "-e" "CARGO_HOME=/opt/rustwide/cargo-home" "-e" "RUSTUP_HOME=/opt/rustwide/rustup-home" "-e" "CARGO_TARGET_DIR=/opt/rustwide/target" "-w" "/opt/rustwide/workdir" "--user" "0:0" "b2789fade1eb0b35a4a96911efb5ac51e6e0dada2d0fffdb23c31df0ec7f63b3" "/opt/rustwide/cargo-home/bin/cargo" "+40527f3e444fde1deb361751bdef9b9e11d1b971" "metadata" "--no-deps" "--format-version=1", kill_on_drop: false }`
[INFO] running `Command { std: "docker" "inspect" "b2789fade1eb0b35a4a96911efb5ac51e6e0dada2d0fffdb23c31df0ec7f63b3", kill_on_drop: false }`
[INFO] running `Command { std: "docker" "exec" "-e" "SOURCE_DIR=/opt/rustwide/workdir" "-e" "CARGO_HOME=/opt/rustwide/cargo-home" "-e" "RUSTUP_HOME=/opt/rustwide/rustup-home" "-e" "CARGO_TARGET_DIR=/opt/rustwide/target" "-e" "CARGO_INCREMENTAL=0" "-e" "RUST_BACKTRACE=full" "-e" "RUSTFLAGS=--cap-lints=forbid --cfg crater_hack --force-warn invalid-c-variadic-arguments" "-e" "RUSTDOCFLAGS=--cap-lints=forbid" "-w" "/opt/rustwide/workdir" "--user" "0:0" "b2789fade1eb0b35a4a96911efb5ac51e6e0dada2d0fffdb23c31df0ec7f63b3" "/opt/rustwide/cargo-home/bin/cargo" "+40527f3e444fde1deb361751bdef9b9e11d1b971" "check" "--frozen" "--all" "--all-targets" "--message-format=json", kill_on_drop: false }`
[INFO] [stderr]    Compiling syn v1.0.99
[INFO] [stderr]     Checking zeroize v1.5.7
[INFO] [stderr]     Checking const-oid v0.9.0
[INFO] [stderr]    Compiling semver v1.0.13
[INFO] [stderr]     Checking block-buffer v0.10.3
[INFO] [stderr]     Checking crypto-common v0.1.6
[INFO] [stderr]     Checking digest v0.9.0
[INFO] [stderr]     Checking block-buffer v0.9.0
[INFO] [stderr]     Checking ff v0.12.0
[INFO] [stderr]     Checking digest v0.10.3
[INFO] [stderr]     Checking group v0.12.0
[INFO] [stderr]     Checking sha2 v0.9.9
[INFO] [stderr]     Checking der v0.6.0
[INFO] [stderr]     Checking crypto-bigint v0.4.8
[INFO] [stderr]     Checking curve25519-dalek v3.2.0
[INFO] [stderr]     Checking hmac v0.12.1
[INFO] [stderr]     Checking signature v1.6.0
[INFO] [stderr]     Checking sha2 v0.10.5
[INFO] [stderr]     Checking rfc6979 v0.3.0
[INFO] [stderr]     Checking spki v0.6.0
[INFO] [stderr]     Checking pkcs8 v0.9.0
[INFO] [stderr]     Checking sec1 v0.3.0
[INFO] [stderr]     Checking elliptic-curve v0.12.3
[INFO] [stderr]     Checking ecdsa v0.14.5
[INFO] [stderr]     Checking k256 v0.11.4
[INFO] [stderr]    Compiling serde_derive_internals v0.26.0
[INFO] [stderr]    Compiling serde_derive v1.0.144
[INFO] [stderr]    Compiling thiserror-impl v1.0.34
[INFO] [stderr]    Compiling derivative v2.2.0
[INFO] [stderr]    Compiling cosmwasm-derive v1.1.0
[INFO] [stderr]    Compiling cosmwasm-schema-derive v1.1.0
[INFO] [stderr]    Compiling schemars_derive v0.8.10
[INFO] [stderr]     Checking thiserror v1.0.34
[INFO] [stderr]     Checking serde v1.0.144
[INFO] [stderr]     Checking serde_json v1.0.85
[INFO] [stderr]     Checking ed25519-zebra v3.0.0
[INFO] [stderr]     Checking serde-json-wasm v0.4.1
[INFO] [stderr]     Checking bincode v1.3.3
[INFO] [stderr]     Checking cosmwasm-crypto v1.1.0
[INFO] [stderr]     Checking schemars v0.8.10
[INFO] [stderr]     Checking cosmwasm-std v1.1.0
[INFO] [stderr]     Checking cosmwasm-schema v1.1.0
[INFO] [stderr]     Checking cw-storage-plus v0.14.0
[INFO] [stderr]     Checking cw-utils v0.13.4
[INFO] [stderr]     Checking cw-storage-plus v0.13.4
[INFO] [stderr]     Checking cosmwasm-storage v1.1.0
[INFO] [stderr]     Checking cw721 v0.13.4
[INFO] [stderr]     Checking cw2 v0.14.0
[INFO] [stderr]     Checking cw-utils v0.14.0
[INFO] [stderr]     Checking cw20 v0.14.0
[INFO] [stderr]     Checking cw20-base v0.14.0
[INFO] [stderr]     Checking injective-nft v1.0.0 (/opt/rustwide/workdir)
[INFO] [stdout] error[E0422]: cannot find struct, variant or union type `Metadata` in this scope
[INFO] [stdout]   --> src/lib.rs:80:29
[INFO] [stdout]    |
[INFO] [stdout] 80 |             extension: Some(Metadata {
[INFO] [stdout]    |                             ^^^^^^^^ not found in this scope
[INFO] [stdout]    |
[INFO] [stdout] help: consider importing one of these structs
[INFO] [stdout]    |
[INFO] [stdout] 53 +     use std::fs::Metadata;
[INFO] [stdout]    |
[INFO] [stdout] 53 +     use schemars::schema::Metadata;
[INFO] [stdout]    |
[INFO] [stdout] 
[INFO] [stdout] 
[INFO] [stdout] error[E0433]: cannot find type `Metadata` in this scope
[INFO] [stdout]   --> src/lib.rs:83:19
[INFO] [stdout]    |
[INFO] [stdout] 83 |                 ..Metadata::default()
[INFO] [stdout]    |                   ^^^^^^^^ use of undeclared type `Metadata`
[INFO] [stdout]    |
[INFO] [stdout] help: consider importing one of these structs
[INFO] [stdout]    |
[INFO] [stdout] 53 +     use std::fs::Metadata;
[INFO] [stdout]    |
[INFO] [stdout] 53 +     use schemars::schema::Metadata;
[INFO] [stdout]    |
[INFO] [stdout] 
[INFO] [stdout] 
[INFO] [stdout] warning: unexpected `cfg` condition value: `library`
[INFO] [stdout]   --> src/lib.rs:18:15
[INFO] [stdout]    |
[INFO] [stdout] 18 |     #[cfg(not(feature = "library"))]
[INFO] [stdout]    |               ^^^^^^^^^^^^^^^^^^^
[INFO] [stdout]    |
[INFO] [stdout]    = note: expected values for `feature` are: `backtraces`
[INFO] [stdout]    = help: consider adding `library` as a feature in `Cargo.toml`
[INFO] [stdout]    = note: see <https://doc.rust-lang.org/nightly/rustc/check-cfg/cargo-specifics.html> for more information about checking conditional configuration
[INFO] [stdout]    = note: `#[warn(unexpected_cfgs)]` on by default
[INFO] [stdout] 
[INFO] [stdout] 
[INFO] [stdout] warning: unexpected `cfg` condition value: `library`
[INFO] [stdout]   --> src/lib.rs:22:20
[INFO] [stdout]    |
[INFO] [stdout] 22 |     #[cfg_attr(not(feature = "library"), entry_point)]
[INFO] [stdout]    |                    ^^^^^^^^^^^^^^^^^^^
[INFO] [stdout]    |
[INFO] [stdout]    = note: expected values for `feature` are: `backtraces`
[INFO] [stdout]    = help: consider adding `library` as a feature in `Cargo.toml`
[INFO] [stdout]    = note: see <https://doc.rust-lang.org/nightly/rustc/check-cfg/cargo-specifics.html> for more information about checking conditional configuration
[INFO] [stdout] 
[INFO] [stdout] 
[INFO] [stdout] warning: unexpected `cfg` condition value: `library`
[INFO] [stdout]   --> src/lib.rs:33:20
[INFO] [stdout]    |
[INFO] [stdout] 33 |     #[cfg_attr(not(feature = "library"), entry_point)]
[INFO] [stdout]    |                    ^^^^^^^^^^^^^^^^^^^
[INFO] [stdout]    |
[INFO] [stdout]    = note: expected values for `feature` are: `backtraces`
[INFO] [stdout]    = help: consider adding `library` as a feature in `Cargo.toml`
[INFO] [stdout]    = note: see <https://doc.rust-lang.org/nightly/rustc/check-cfg/cargo-specifics.html> for more information about checking conditional configuration
[INFO] [stdout] 
[INFO] [stdout] 
[INFO] [stdout] warning: unexpected `cfg` condition value: `library`
[INFO] [stdout]   --> src/lib.rs:44:20
[INFO] [stdout]    |
[INFO] [stdout] 44 |     #[cfg_attr(not(feature = "library"), entry_point)]
[INFO] [stdout]    |                    ^^^^^^^^^^^^^^^^^^^
[INFO] [stdout]    |
[INFO] [stdout]    = note: expected values for `feature` are: `backtraces`
[INFO] [stdout]    = help: consider adding `library` as a feature in `Cargo.toml`
[INFO] [stdout]    = note: see <https://doc.rust-lang.org/nightly/rustc/check-cfg/cargo-specifics.html> for more information about checking conditional configuration
[INFO] [stdout] 
[INFO] [stdout] 
[INFO] [stdout] warning: unexpected `cfg` condition value: `library`
[INFO] [stdout]   --> src/lib.rs:18:15
[INFO] [stdout]    |
[INFO] [stdout] 18 |     #[cfg(not(feature = "library"))]
[INFO] [stdout]    |               ^^^^^^^^^^^^^^^^^^^
[INFO] [stdout]    |
[INFO] [stdout]    = note: expected values for `feature` are: `backtraces`
[INFO] [stdout]    = help: consider adding `library` as a feature in `Cargo.toml`
[INFO] [stdout]    = note: see <https://doc.rust-lang.org/nightly/rustc/check-cfg/cargo-specifics.html> for more information about checking conditional configuration
[INFO] [stdout]    = note: `#[warn(unexpected_cfgs)]` on by default
[INFO] [stdout] 
[INFO] [stdout] 
[INFO] [stdout] warning: unexpected `cfg` condition value: `library`
[INFO] [stdout]   --> src/lib.rs:22:20
[INFO] [stdout]    |
[INFO] [stdout] 22 |     #[cfg_attr(not(feature = "library"), entry_point)]
[INFO] [stdout]    |                    ^^^^^^^^^^^^^^^^^^^
[INFO] [stdout]    |
[INFO] [stdout]    = note: expected values for `feature` are: `backtraces`
[INFO] [stdout]    = help: consider adding `library` as a feature in `Cargo.toml`
[INFO] [stdout]    = note: see <https://doc.rust-lang.org/nightly/rustc/check-cfg/cargo-specifics.html> for more information about checking conditional configuration
[INFO] [stdout] 
[INFO] [stdout] 
[INFO] [stdout] warning: unexpected `cfg` condition value: `library`
[INFO] [stdout]   --> src/lib.rs:33:20
[INFO] [stdout]    |
[INFO] [stdout] 33 |     #[cfg_attr(not(feature = "library"), entry_point)]
[INFO] [stdout]    |                    ^^^^^^^^^^^^^^^^^^^
[INFO] [stdout]    |
[INFO] [stdout]    = note: expected values for `feature` are: `backtraces`
[INFO] [stdout]    = help: consider adding `library` as a feature in `Cargo.toml`
[INFO] [stdout]    = note: see <https://doc.rust-lang.org/nightly/rustc/check-cfg/cargo-specifics.html> for more information about checking conditional configuration
[INFO] [stdout] 
[INFO] [stdout] 
[INFO] [stdout] warning: unexpected `cfg` condition value: `library`
[INFO] [stdout]   --> src/lib.rs:44:20
[INFO] [stdout]    |
[INFO] [stdout] 44 |     #[cfg_attr(not(feature = "library"), entry_point)]
[INFO] [stdout]    |                    ^^^^^^^^^^^^^^^^^^^
[INFO] [stdout]    |
[INFO] [stdout]    = note: expected values for `feature` are: `backtraces`
[INFO] [stdout]    = help: consider adding `library` as a feature in `Cargo.toml`
[INFO] [stdout]    = note: see <https://doc.rust-lang.org/nightly/rustc/check-cfg/cargo-specifics.html> for more information about checking conditional configuration
[INFO] [stdout] 
[INFO] [stdout] 
[INFO] [stdout] error[E0433]: cannot find type `Cw721MetadataContract` in this scope
[INFO] [stdout]   --> src/lib.rs:63:24
[INFO] [stdout]    |
[INFO] [stdout] 63 |         let contract = Cw721MetadataContract::default();
[INFO] [stdout]    |                        ^^^^^^^^^^^^^^^^^^^^^ use of undeclared type `Cw721MetadataContract`
[INFO] [stdout] 
[INFO] [stdout] 
[INFO] [stdout] Some errors have detailed explanations: E0422, E0433.
[INFO] [stdout] 
[INFO] [stderr] error: could not compile `injective-nft` (lib test) due to 3 previous errors; 4 warnings emitted
[INFO] [stdout] For more information about an error, try `rustc --explain E0422`.
[INFO] [stdout] 
[INFO] [stderr] warning: build failed, waiting for other jobs to finish...
[INFO] [stderr] warning: unused dependency `bincode`
[INFO] [stderr]  --> Cargo.toml:2:1
[INFO] [stderr]   |
[INFO] [stderr] 2 | bincode = "1.3.3"
[INFO] [stderr]   | ^^^^^^^^^^^^^^^^^
[INFO] [stderr]   |
[INFO] [stderr]   = note: `cargo::unused_dependencies` is set to `warn` by default
[INFO] [stderr] help: consider removing the dependency on `bincode`
[INFO] [stderr] warning: unused dependency `cosmwasm-storage`
[INFO] [stderr]   --> Cargo.toml:12:15
[INFO] [stderr]    |
[INFO] [stderr] 12 | [dependencies.cosmwasm-storage]
[INFO] [stderr]    |               ^^^^^^^^^^^^^^^^^
[INFO] [stderr]    |
[INFO] [stderr] help: consider removing the dependency on `cosmwasm-storage`
[INFO] [stderr] warning: unused dependency `cw20-base`
[INFO] [stderr]  --> Cargo.toml:4:1
[INFO] [stderr]   |
[INFO] [stderr] 4 | cw20-base = "0.14.0"
[INFO] [stderr]   | ^^^^^^^^^^^^^^^^^^^^
[INFO] [stderr]   |
[INFO] [stderr] help: consider removing the dependency on `cw20-base`
[INFO] [stderr] warning: `injective-nft` (manifest) generated 3 warnings
[INFO] running `Command { std: "docker" "inspect" "b2789fade1eb0b35a4a96911efb5ac51e6e0dada2d0fffdb23c31df0ec7f63b3", kill_on_drop: false }`
[INFO] running `Command { std: "docker" "rm" "-f" "b2789fade1eb0b35a4a96911efb5ac51e6e0dada2d0fffdb23c31df0ec7f63b3", kill_on_drop: false }`
[INFO] [stdout] b2789fade1eb0b35a4a96911efb5ac51e6e0dada2d0fffdb23c31df0ec7f63b3
